e -i - 4 = -2*i. Suppose -155 = w - i*w - q, 5*w - 5*q - 285 = 0. Is w prime?
True
Is 4/6 - (-9326)/6 a prime number?
False
Let k = -1 - -3. Suppose -b = -3*d + 242, -199 = -k*d - b - 46. Is d a composite number?
False
Let o(r) = r**3 - 8*r**2 + 9*r - 9. Let z be o(7). Suppose -z*p = -127 - 158. Is p composite?
True
Let y = -5 + 1. Let z(b) = 2*b**2 + 4*b - 3. Is z(y) prime?
True
Let j = 332 + -163. Let u(c) = c**3 - 4*c**2 - 6*c + 9. Let x be u(7). Let a = j - x. Is a a composite number?
True
Let v(a) = 118*a**2 - a + 1. Let s be v(2). Suppose -4*q = -7*q + s. Is q a composite number?
False
Let j(v) = v**2 - v - 3. Let z be j(3). Let u(p) = -3*p + z*p - 3 - 13*p. Is u(-4) prime?
False
Let d be 5/((-10)/(-6)) - 2. Is (-1 - d) + (3 - -2) composite?
False
Is (-7 - -424)*2/6 a composite number?
False
Let h = 10 + -27. Is (h + -2)*(-10)/2 a composite number?
True
Suppose -1 = -3*m - 4. Let y be (-6)/(2 - (-4)/m). Suppose 0*s + 6 = s + u, y*u = -12. Is s a composite number?
True
Suppose 0 = 2*d - 3*s - 205, 4*d - 4*s + 45 = 465. Suppose 495 = 5*r + d. Is r a prime number?
False
Let v(g) = -g**2 - 3*g - 3. Let t be v(-2). Let m = 55 + t. Suppose -l = 5*n - m, l = -4*n - 0*l + 44. Is n composite?
True
Suppose 0 = -c + 43 - 1. Let q = c + 43. Is q composite?
True
Is (-2)/(494/166 + -3) a composite number?
False
Let n be 16/6*6/1. Suppose -z = -5*z + n. Suppose -z = 4*y, 3*h + 4*y - y = 486. Is h a composite number?
False
Let j be 1/(-4) - (-2825)/20. Suppose 5*z + j = -19. Let q = 55 + z. Is q a composite number?
False
Let r(n) = -n**3 - 12*n**2 + 12*n - 19. Is r(-14) a prime number?
False
Let g(v) = -138*v**3 + v + 2. Is g(-1) a composite number?
False
Suppose -4*l + 74 = 2*r - 474, -r = -5*l + 699. Is l prime?
True
Is (-471)/(-2)*(-1 - 26/(-6)) composite?
True
Suppose 14 = -3*f + 2, -3430 = -2*l + 2*f. Is l prime?
False
Let r be (-1)/(-5) - (-24)/(-20). Is r + (38 - 4/2) a prime number?
False
Suppose 0 = -6*x + 3*x + 1320. Suppose 141 - x = y. Let p = y + 550. Is p composite?
False
Let g = -276 + 487. Is g prime?
True
Suppose -6*w = -8*w - 56. Let s = w + 61. Is s prime?
False
Let o(n) = -5 - 1 + 0 + 6*n + 3*n**2 - 2. Let w be o(-10). Let a = w - 143. Is a prime?
True
Let s(a) be the third derivative of -a**5/60 + 11*a**4/24 - 5*a**3/6 - 4*a**2. Is s(8) a composite number?
False
Let z(n) = 16*n**2 - 12*n + 9. Is z(7) composite?
False
Suppose -2 = -b - 0. Suppose 5*y + g + 4*g = 30, y = b*g - 3. Suppose 3*s - 498 = -y*x - 36, x - 5*s = 172. Is x composite?
False
Let v(b) = 2*b + 3. Let o be v(3). Let p(s) = 26*s + 5. Is p(o) a prime number?
True
Let p(q) be the second derivative of q**5/20 + q**4/12 + 7*q**2/2 - 6*q. Is p(5) prime?
True
Is 54/(-72) + 27983/4 prime?
False
Let t(c) = -131*c**2 + 1. Let j be t(-1). Let n = j + 447. Is n a prime number?
True
Let y = -132 + 281. Is y a composite number?
False
Suppose 2*u = -7 - 3, 0 = x - 4*u - 23. Suppose x*a - 30 = -3*r, 3*a - 5*r + 1 = -1. Is (-13)/(-1*2/a) prime?
False
Let g = -159 + 452. Is g prime?
True
Let t = 10 - 8. Let o(b) = 9*b**3 + b**2 - 9*b + 2. Let m(u) = 5*u**3 - 5*u + 1. Let q(h) = -5*m(h) + 3*o(h). Is q(t) composite?
True
Let l be 8/3 - (-1)/3. Let h(n) = -2*n**3 + 1 - n - 5*n**3 + 2*n**3 + 6*n**3. Is h(l) a composite number?
True
Suppose 3*v - 52 + 7 = 0. Is v a prime number?
False
Suppose -4*a - 5*v = -3, 3*a + 4*v - 5*v = 7. Suppose 146 = a*d - 78. Let w = 261 - d. Is w a composite number?
False
Let b be (-34)/(-10) + 24/(-60). Suppose b*d = 5*j + 34, d = -d - 3*j - 9. Suppose -109 = -4*q + d*q. Is q a composite number?
False
Let k(x) = x**2 - 6*x + 2. Let b be k(4). Let c be 4/b + 6/9. Suppose 2*r - 7*r + 245 = c. Is r a composite number?
True
Let c = -18 + 44. Suppose -3*w + 13 = -c. Is w a prime number?
True
Let c be (-7)/4 - (-5)/(-20). Let o = 78 + -16. Is (o/6)/(c/(-6)) prime?
True
Let a(z) = -z**2 - 2*z + 6. Let h(l) = l**2 - 1. Let m(q) = a(q) + 3*h(q). Let y(x) = x + 7. Let n be y(-5). Is m(n) composite?
False
Let z(u) = -449*u. Is z(-1) a composite number?
False
Suppose -11 = 3*y - 4*y. Suppose z - 3*w - y = -0*w, -3*z + 2*w = -12. Suppose -3*i = -h + z*i + 22, -200 = -5*h - 5*i. Is h a prime number?
True
Suppose 5*w - 59 = 11. Let d be (1 + 0 - 0)/(-1). Is (d + w)*(-1 - -2) a composite number?
False
Let z(h) = -h**2 + 11*h + 1. Let f = 9 + 1. Let q = -4 + f. Is z(q) a prime number?
True
Let t(k) = 4*k**2 + 2*k + 4. Is t(-3) a prime number?
False
Let h(b) = -b + 6. Let u be 1 - 24/(-3) - 3. Let j be h(u). Suppose -3*m - i + 465 = -2*i, 3*i = j. Is m a prime number?
False
Let j = -26 + 44. Suppose -15 - j = -t. Is t a composite number?
True
Suppose -23 = 2*x - 291. Let z = x - 79. Is z a composite number?
True
Suppose -706 = -4*r - c + 23, 5*c - 25 = 0. Is r prime?
True
Let p = 6 - 3. Suppose 0 = p*z - 4*z. Suppose -a + z = -7. Is a a composite number?
False
Let k(g) = g + 2. Let u be k(-4). Let q = u - 0. Is (-1014)/(-12) - q/4 a prime number?
False
Let i be 0 + 1 + (-6)/3. Is ((-44)/(-10))/(i/(-5)) a prime number?
False
Suppose 0 = -3*i - 33 + 162. Let a = i - 4. Is a composite?
True
Let m(k) = -3*k**2 - 2*k**2 - 12*k + 4*k**2 - 5 + 0. Suppose 36 = q - 5*q. Is m(q) a prime number?
False
Is (-6)/(-9) - 20127/(-9) a composite number?
False
Let f = 17 - 81. Let b = 115 + f. Is b prime?
False
Let q be (4 - 2)/(4/58). Suppose -v + 47 + q = -3*d, 0 = -3*d + 3. Is v a composite number?
False
Suppose -5*b + 897 = 52. Is b prime?
False
Let q(f) = f - 3. Let b be q(5). Suppose 5*z - 3*h = 9, 2*h + 6 = z + b*z. Suppose z*y = 2*y - 154. Is y composite?
True
Suppose 3*p - 12 = 6*p, -2*l + 1130 = -4*p. Is l a composite number?
False
Suppose 3*l = -5*s + 25, 0 = l - 4 - 1. Let g be 10/(-4) + s/(-4). Let i = 0 - g. Is i composite?
False
Let c = 7 - 5. Suppose -15 = -c*z + 29. Is z a composite number?
True
Let r(n) = -n + 7. Let m be r(6). Let k be 0*m*2/(-2). Suppose 75 = 3*h - k*h. Is h composite?
True
Suppose -4*k + 2*a = -338, 6 = 4*k + a - 317. Is k a composite number?
True
Let a be ((-4)/(-6))/(2/(-3)). Let u be -15 + 2 + a + 0. Let g = u - -27. Is g a prime number?
True
Let r(i) = i**2 + 6*i - 14. Let c be r(-8). Let y be (-2)/9 + (-2146)/(-18). Suppose c*k - y = -w, 3*w + w = -5*k + 488. Is w a prime number?
True
Let o(d) = 688*d**2 + d. Suppose -3 = -5*q + 2. Is o(q) a prime number?
False
Let b(g) = g**3 + 11*g**2 - 11*g + 21. Is b(-12) a prime number?
False
Suppose -110 = k - 3*k. Is k prime?
False
Let l(h) = 223*h**2 + h + 1. Is l(2) a prime number?
False
Let k(r) = -3*r - 5. Let a be k(-5). Let m = 15 - a. Suppose 37 = m*x - 58. Is x composite?
False
Let i(t) = 228*t + 2. Let a be i(-8). Let h = -957 - a. Is h a composite number?
True
Let b be 6/(-8) - (-115)/20. Suppose 3*m - 1336 = -4*i, -b*i + 1651 = m - 2*m. Is i a prime number?
True
Let n be 12/9 + (-4)/(-6). Suppose n*t - 179 = -7. Is t prime?
False
Suppose -w + 1692 = -q + 213, 5*w - 4*q = 7393. Is w prime?
False
Suppose 5*d = 0, 5*g + 4*d + 0*d = 555. Let k = -70 + 128. Let x = g - k. Is x prime?
True
Let k(j) = 5*j**3 + j**2 - j. Let l be k(1). Suppose -23 + 193 = l*i. Suppose 0*m - i = -m. Is m prime?
False
Let y be (1 + -1)*-1 - -57. Suppose 0 = 5*v - y - 128. Is v composite?
False
Suppose 3*s + 16 = 7*s. Suppose -1 - 23 = -s*q. Is (44/q)/(6/45) composite?
True
Let l be (48/14)/(-4)*-7. Let q(f) = f**3 - 7*f**2 + 6*f + 3. Let a be q(l). Suppose -3*h + 3*c + 69 = 2*h, -a*h = 2*c - 49. Is h prime?
False
Suppose -z = -5*q - 2*z - 10, -3*q + 2*z + 7 = 0. Let k = -1 - q. Suppose k = -3*s - 6, -y + 11 = 5*s - 14. Is y a composite number?
True
Is 0/4 + 273 + -2 composite?
False
Is -46*(3 - 13/2) prime?
False
Suppose -j - 8 = -3*s, -3*j = -2*s - 0 - 4. Suppose j*q - 625 = -t, 0 = t + 3. Is q composite?
False
Suppose 23202 = 9*u + 2313. Is u prime?
False
Suppose 0 = -2*p + 3*p. Let a = p - 2. Is a/12 - 230/(-12) a prime number?
True
Let z(g) = 36*g - 6. Let m(n) = -n - 7. Let r be m(-11). Let y be z(r). Is (y/(-24))/(1/(-12)) a composite number?
True
Suppose -a - 16*a = -23069. Is a a composite number?
True
Let g(p) be the first derivative of p**3 + 3*p**2/2 + p + 2. Is g(3) a composite number?
False
Let v(y) = -y - 8. Let x be v(-10). Suppose -3*g - 243 + 879 = -3*m, -635 = -3*g + x*m. Suppose -4*i = -g - 21. Is i a com